is the ten thousands digit of 38437?
3
What is the units digit of 4723?
3
What is the tens digit of 848?
4
What is the tens digit of 5955?
5
What is the tens digit of 7501?
0
What is the tens digit of 300?
0
What is the ten thousands digit of 24392?
2
What is the thousands digit of 1291?
1
What is the ten thousands digit of 88315?
8
What is the tens digit of 1628?
2
What is the hundreds digit of 1367?
3
What is the thousands digit of 13534?
3
What is the units digit of 13191?
1
What is the tens digit of 355?
5
What is the hundreds digit of 422?
4
What is the tens digit of 648?
4
What is the tens digit of 11185?
8
What is the tens digit of 40096?
9
What is the units digit of 4263?
3
What is the units digit of 91075?
5
What is the units digit of 339?
9
What is the tens digit of 3153?
5
What is the hundreds digit of 1238?
2
What is the tens digit of 8756?
5
What is the tens digit of 2768?
6
What is the units digit of 2173?
3
What is the hundreds digit of 665?
6
What is the tens digit of 625?
2
What is the hundreds digit of 3040?
0
What is the hundreds digit of 18971?
9
What is the units digit of 2553?
3
What is the units digit of 4307?
7
What is the ten thousands digit of 14478?
1
What is the units digit of 107812?
2
What is the units digit of 933?
3
What is the tens digit of 18?
1
What is the units digit of 1577?
7
What is the thousands digit of 4044?
4
What is the units digit of 12566?
6
What is the units digit of 1585?
5
What is the thousands digit of 141381?
1
What is the units digit of 20256?
6
What is the units digit of 22413?
3
What is the tens digit of 6167?
6
What is the tens digit of 20107?
0
What is the hundreds digit of 596?
5
What is the hundreds digit of 492?
4
What is the units digit of 1359?
9
What is the hundreds digit of 4213?
2
What is the thousands digit of 2254?
2
What is the ten thousands digit of 18212?
1
What is the tens digit of 1474?
7
What is the tens digit of 601?
0
What is the tens digit of 45404?
0
What is the hundreds digit of 89113?
1
What is the hundreds digit of 754?
7
What is the units digit of 11630?
0
What is the ten thousands digit of 22265?
2
What is the tens digit of 49?
4
What is the hundreds digit of 12337?
3
What is the hundreds digit of 52154?
1
What is the hundreds digit of 343?
3
What is the thousands digit of 7380?
7
What is the thousands digit of 32753?
2
What is the units digit of 12468?
8
What is the hundreds digit of 334?
3
What is the thousands digit of 1666?
1
What is the thousands digit of 8948?
8
What is the units digit of 8418?
8
What is the ten thousands digit of 16998?
1
What is the units digit of 1097?
7
What is the units digit of 15116?
6
What is the tens digit of 15308?
0
What is the tens digit of 553?
5
What is the thousands digit of 1387?
1
What is the tens digit of 11739?
3
What is the tens digit of 6994?
9
What is the units digit of 57821?
1
What is the thousands digit of 1227?
1
What is the tens digit of 28207?
0
What is the tens digit of 7049?
4
What is the units digit of 3779?
9
What is the tens digit of 460?
6
What is the tens digit of 18566?
6
What is the tens digit of 33033?
3
What is the tens digit of 1408?
0
What is the thousands digit of 6431?
6
What is the tens digit of 2720?
2
What is the hundreds digit of 371?
3
What is the hundreds digit of 2118?
1
What is the thousands digit of 88981?
8
What is the hundreds digit of 11376?
3
What is the hundreds digit of 656?
6
What is the ten thousands digit of 10354?
1
What is the thousands digit of 4834?
4
What is the thousands digit of 1846?
1
What is the hundreds digit of 5071?
0
What is the tens digit of 12735?
3
What is the ten thousands digit of 13032?
1
What is the units digit of 104361?
1
What is the units digit of 47682?
2
What is the units digit of 59938?
8
What is the units digit of 104?
4
What is the tens digit of 161?
6
What is the units digit of 27446?
6
What is the tens digit of 2023?
2
What is the hundreds digit of 2580?
5
What is the units digit of 873?
3
What is the hundreds digit of 16812?
8
What is the hundreds digit of 24738?
7
What is the thousands digit of 105792?
5
What is the units digit of 6527?
7
What is the tens digit of 64147?
4
What is the tens digit of 12865?
6
What is the thousands digit of 4704?
4
What is the units digit of 2126?
6
What is the hundreds digit of 430?
4
What is the thousands digit of 16726?
6
What is the units digit of 414?
4
What is the units digit of 19161?
1
What is the tens digit of 5370?
7
What is the thousands digit of 5261?
5
What is the hundreds digit of 124992?
9
What is the units digit of 1015?
5
What is the tens digit of 43524?
2
What is the ten thousands digit of 16548?
1
What is the ten thousands digit of 15156?
1
What is the units digit of 7430?
0
What is the tens digit of 3650?
5
What is the hundreds digit of 11625?
6
What is the hundreds digit of 82682?
6
What is the thousands digit of 2384?
2
What is the tens digit of 192?
9
What is the thousands digit of 1279?
1
What is the units digit of 68332?
2
What is the tens digit of 900?
0
What is the units digit of 2286?
6
What is the hundreds digit of 353?
3
What is the tens digit of 1462?
6
What is the hundreds digit of 526?
5
What is the units digit of 274?
4
What is the tens digit of 20198?
9
What is the thousands digit of 2957?
2
What is the units digit of 23681?
1
What is the units digit of 147270?
0
What is the units digit of 5190?
0
What is the hundreds digit of 14164?
1
What is the tens digit of 13386?
8
What is the hundreds digit of 1751?
7
What is the hundreds digit of 928?
9
What is the units digit of 35?
5
What is the ten thousands digit of 23595?
2
What is the units digit of 1924?
4
What is the units digit of 133977?
7
What is the hundreds digit of 1053?
0
What is the units digit of 1127?
7
What is the tens digit of 677?
7
What is the tens digit of 26171?
7
What is the tens digit of 1093?
9
What is the tens digit of 267?
6
What is the ten thousands digit of 46137?
4
What is the tens digit of 723?
2
What is the tens digit of 310?
1
What is the units digit of 313?
3
What is the tens digit of 1452?
5
What is the tens digit of 4887?
8
What is the tens digit of 43910?
1
What is the hundreds digit of 9503?
5
What is the tens digit of 12367?
6
What is the tens digit of 672?
7
What is the hundreds digit of 492?
4
What is the tens digit of 2728?
2
What is the ten thousands digit of 57270?
5
What is the hundreds digit of 1351?
3
What is the thousands digit of 6793?
6
What is the hundreds digit of 54603?
6
What is the ten thousands digit of 17445?
1
What is the units digit of 762?
2
What is the units digit of 838?
8
What is the hundreds digit of 6054?
0
What is the ten thousands digit of 105490?
0
What is the units digit of 1880?
0
What is the tens digit of 268?
6
What is the tens digit of 925?
2
What is the tens digit of 713?
1
What is the ten thousands digit of 29593?
2
What is the tens digit of 9098?
9
What is the hundreds digit of 29967?
9
What is the hundreds digit of 7917?
9
What is the hundreds digit of 49094?
0
What is the thousands digit of 1742?
1
What is the units digit of 10604?
4
What is the units digit of 2056?
6
What is the units digit of 898?
8
What is the hundreds digit of 280?
2
What is the units digit of 555?
5
What is the hundreds digit of 611?
6
What is the thousands digit of 4931?
4
What is the ten thousands digit of 22752?
2
What is the units digit of 2349?
9
What is the tens digit of 17195?
9
What is the hundreds digit of 4401?
4
What is the tens digit of 3361?
6
What is the hundreds digit of 1173?
1
What is the tens digit of 862?
6
What is the tens digit of 83?
8
What is the ten thousands digit of 35758?
3
What is the thousands digit of 24982?
4
What is the hundreds digit of 2815?
8
What is the units digit of 959?
9
What is the units digit of 17983?
3
What is the units digit of 7729?
9
What is the units digit of 3357?
7
What is the units digit of 1252?
2
What is the tens digit of 1458?
5
What is the thousands digit of 6042?
6
What is the tens digit of 2113?
1
What is the hundreds digit of 709?
7
What is the hundreds digit of 5999?
9
What is the hundreds digit of 1029?
0
What is the ten thousands digit of 27257?
2
What is the thousands digit of 24507?
4
What is the thousands digit of 1760?
1
What